{"id":425,"date":"2023-11-18T23:43:00","date_gmt":"2023-11-18T23:43:00","guid":{"rendered":"https:\/\/marcinwalas.pl\/?page_id=425"},"modified":"2023-11-20T00:46:14","modified_gmt":"2023-11-19T23:46:14","slug":"krakow","status":"publish","type":"page","link":"https:\/\/marcinwalas.pl\/index.php\/krakow\/","title":{"rendered":"Krak\u00f3w"},"content":{"rendered":"\n<div class=\"wp-block-cover alignfull\" style=\"min-height:300px;aspect-ratio:unset;\"><span aria-hidden=\"true\" class=\"wp-block-cover__background has-nv-site-bg-background-color has-background-dim-100 has-background-dim\"><\/span><div class=\"wp-block-cover__inner-container is-layout-flow wp-block-cover-is-layout-flow\">\n<div class=\"wp-block-group is-nowrap is-layout-flex wp-container-core-group-is-layout-ad2f72ca wp-block-group-is-layout-flex\">\n<figure class=\"wp-block-image size-large is-resized is-style-rounded\"><img decoding=\"async\" width=\"925\" height=\"1024\" src=\"https:\/\/marcinwalas.pl\/wp-content\/uploads\/2023\/11\/ja-glowa-925x1024.jpg\" alt=\"\" class=\"wp-image-389\" style=\"width:211px;height:auto\" srcset=\"https:\/\/marcinwalas.pl\/wp-content\/uploads\/2023\/11\/ja-glowa-925x1024.jpg 925w, https:\/\/marcinwalas.pl\/wp-content\/uploads\/2023\/11\/ja-glowa-271x300.jpg 271w, https:\/\/marcinwalas.pl\/wp-content\/uploads\/2023\/11\/ja-glowa-768x850.jpg 768w, https:\/\/marcinwalas.pl\/wp-content\/uploads\/2023\/11\/ja-glowa-1388x1536.jpg 1388w, https:\/\/marcinwalas.pl\/wp-content\/uploads\/2023\/11\/ja-glowa-1850x2048.jpg 1850w\" sizes=\"(max-width: 925px) 100vw, 925px\" \/><\/figure>\n\n\n\n<div style=\"height:100px;width:18px\" aria-hidden=\"true\" class=\"wp-block-spacer wp-container-content-7a8a7e73\"><\/div>\n\n\n\n<div class=\"wp-block-group is-vertical is-layout-flex wp-container-core-group-is-layout-8cf370e7 wp-block-group-is-layout-flex\">\n<h1 class=\"wp-block-heading has-text-align-left has-neve-text-color-color has-text-color\">Ja w Krakowie<\/h1>\n\n\n\n<p style=\"font-style:italic;font-weight:400\">O moim mie\u015bcie<\/p>\n<\/div>\n<\/div>\n<\/div><\/div>\n\n\n\n<div class=\"wp-block-cover alignfull\" style=\"min-height:600px;aspect-ratio:unset;\"><span aria-hidden=\"true\" class=\"wp-block-cover__background has-nv-light-bg-background-color has-background-dim-100 has-background-dim\"><\/span><div class=\"wp-block-cover__inner-container is-layout-flow wp-block-cover-is-layout-flow\">\n<div class=\"wp-block-group\"><div class=\"wp-block-group__inner-container is-layout-flow wp-block-group-is-layout-flow\">\n<div style=\"height:80px\" aria-hidden=\"true\" class=\"wp-block-spacer\"><\/div>\n\n\n\n<div class=\"wp-block-columns are-vertically-aligned-center has-neve-text-color-color has-text-color is-layout-flex wp-container-core-columns-is-layout-9d6595d7 wp-block-columns-is-layout-flex\">\n<div class=\"wp-block-column is-vertically-aligned-center is-layout-flow wp-block-column-is-layout-flow\" style=\"flex-basis:50%\">\n<figure class=\"wp-block-image size-large is-style-rounded\"><img decoding=\"async\" width=\"768\" height=\"1024\" src=\"https:\/\/marcinwalas.pl\/wp-content\/uploads\/2023\/11\/20230514_140553-768x1024.jpg\" alt=\"\" class=\"wp-image-506\" srcset=\"https:\/\/marcinwalas.pl\/wp-content\/uploads\/2023\/11\/20230514_140553-768x1024.jpg 768w, https:\/\/marcinwalas.pl\/wp-content\/uploads\/2023\/11\/20230514_140553-225x300.jpg 225w, https:\/\/marcinwalas.pl\/wp-content\/uploads\/2023\/11\/20230514_140553-1152x1536.jpg 1152w, https:\/\/marcinwalas.pl\/wp-content\/uploads\/2023\/11\/20230514_140553-1536x2048.jpg 1536w, https:\/\/marcinwalas.pl\/wp-content\/uploads\/2023\/11\/20230514_140553-scaled.jpg 1920w\" sizes=\"(max-width: 768px) 100vw, 768px\" \/><\/figure>\n<\/div>\n\n\n\n<div class=\"wp-block-column is-vertically-aligned-center is-layout-flow wp-block-column-is-layout-flow\" style=\"flex-basis:50%\">\n<h2 class=\"wp-block-heading has-neve-text-color-color has-text-color\">Dlaczego Krak\u00f3w?<\/h2>\n\n\n\n<p class=\"has-neve-text-color-color has-text-color\">Krak\u00f3w \u0142\u0105czy w sobie dwie wa\u017cne dla mnie sfery: kultur\u0119 i technologi\u0119. <\/p>\n\n\n\n<p class=\"has-neve-text-color-color has-text-color\">Jako miasto literatury UNESCO, Krak\u00f3w przyci\u0105ga mnie swoj\u0105 ofert\u0105 ksi\u0119gar\u0144, bibliotek czy literackich kawiarni. Tu na ulicach mo\u017cna naprawd\u0119 poczu\u0107 ducha Wis\u0142awy Szymborskiej, poczu\u0107 si\u0119 jak w powie\u015bci Jerzego Pilcha, albo zasmakowa\u0107 ducha muzyki Zbigniewa Wodeckiego lub Grzegorza Turnau&#8217;a.<\/p>\n\n\n\n<p>Z drugiej strony Krak\u00f3w to miejsce w kt\u00f3rych znajduj\u0105 si\u0119 jedne z najwa\u017cniejszych polskich uczelni, miejsce w kt\u00f3rym kszta\u0142ci si\u0119 ponad 130 tysi\u0119cy student\u00f3w i studentek. Nasze miasto to tak\u017ce pr\u0119\u017cnie rozwijaj\u0105cy si\u0119 rynek start-up\u00f3w (9% wszystkich tego typu inicjatyw w 2020 roku w skali kraju) oraz nowoczesnych us\u0142ug dla biznesu (w kt\u00f3rych pracuje ponad 82 tys. os\u00f3b).<\/p>\n\n\n\n<p>Uwa\u017cam, \u017ce nasze miasto ma ogromny potencja\u0142 rozwoju, je\u015bli tylko wykorzysta swoje unikatowe atuty. Rozw\u00f3j i przyci\u0105gni\u0119cie<strong> innowacyjnych centr\u00f3w badawczych<\/strong> jest wed\u0142ug mnie warunkowane nie tylko obecno\u015bci\u0105 silnych uczelni &#8211; gwarantuj\u0105cych kszta\u0142cenie wysokiej klasy specjalist\u00f3w i specjalistek. Nale\u017cy opr\u00f3cz tego pami\u0119ta\u0107 o atrakcyjno\u015bci samego miasta, kt\u00f3re swoj\u0105 bogat\u0105 ofert\u0105 kulturaln\u0105, rekreacyjn\u0105 i sportow\u0105 mo\u017ce przyci\u0105ga\u0107 kolejnych uzdolnionych ludzi, kt\u00f3rzy staj\u0105c si\u0119 mieszka\u0144cami naszego miasta, b\u0119d\u0105 jednocze\u015bnie budowa\u0107 jego rozw\u00f3j.<\/p>\n<\/div>\n<\/div>\n\n\n\n<div style=\"height:40px\" aria-hidden=\"true\" class=\"wp-block-spacer\"><\/div>\n<\/div><\/div>\n<\/div><\/div>\n\n\n\n<div class=\"wp-block-cover alignfull\" style=\"min-height:600px;aspect-ratio:unset;\"><span aria-hidden=\"true\" class=\"wp-block-cover__background has-nv-dark-bg-background-color has-background-dim-100 has-background-dim\"><\/span><div class=\"wp-block-cover__inner-container is-layout-flow wp-block-cover-is-layout-flow\">\n<div class=\"wp-block-group\"><div class=\"wp-block-group__inner-container is-layout-flow wp-block-group-is-layout-flow\">\n<div style=\"height:80px\" aria-hidden=\"true\" class=\"wp-block-spacer\"><\/div>\n\n\n\n<div class=\"wp-block-columns are-vertically-aligned-center is-layout-flex wp-container-core-columns-is-layout-9d6595d7 wp-block-columns-is-layout-flex\">\n<div class=\"wp-block-column is-vertically-aligned-center is-layout-flow wp-block-column-is-layout-flow\" style=\"flex-basis:50%\">\n<h2 class=\"wp-block-heading has-nv-text-dark-bg-color has-text-color\">Pr\u0105dnik Bia\u0142y<\/h2>\n\n\n\n<p class=\"has-nv-text-dark-bg-color has-text-color\">Wybra\u0142em Pr\u0105dnik niejako z przypadku. To w p\u00f3\u0142nocnej cz\u0119\u015bci miasta znalaz\u0142em prac\u0119, dlatego tutaj chcia\u0142em zamieszka\u0107. Przez rok wsp\u00f3lnie z \u017con\u0105 wynajmowali\u015bmy mieszkanie tu\u017c przy p\u0119tli Krowodrza G\u00f3rka, by nast\u0119pnie w 2018 roku osi\u0105\u015b\u0107 na sta\u0142e w bloku przy ulicy Radzikowskiego.<\/p>\n\n\n\n<p>Wed\u0142ug mnie ogromnym problemem dzielnicy jest <strong>jako\u015b\u0107 komunikacji publicznej<\/strong>, znacznie odbiegaj\u0105ca od standardu spotykanego w innych cz\u0119\u015bciach Krakowa. Tramwaj na G\u00f3rk\u0119 Narodow\u0105 rozwi\u0105zuje wed\u0142ug mnie tylko cz\u0119\u015b\u0107 problemu. Potrzebna jest tak\u017ce realizacja kolejnych planowanych inwestycji takich jak &#8222;tramwaj na Azory&#8221;. W sferze marze\u0144 pozostawiam &#8222;tramwaj do Galerii Bronowice&#8221; o kt\u00f3rych jeszcze kilka lat temu by\u0142o do\u015b\u0107 g\u0142o\u015bno, a kt\u00f3rego nie wiem czy si\u0119 jeszcze doczekam&#8230;<\/p>\n\n\n\n<p>Jako m\u0142ody rodzic chcia\u0142bym tak\u017ce, aby w dzielnicy funkcjonowa\u0142a <strong>bogata oferta \u017c\u0142obk\u00f3w oraz przedszkoli<\/strong>. Wa\u017cne jest dla mnie tak\u017ce <strong>powstawanie teren\u00f3w rekreacyjnych i zielonych<\/strong>, najlepiej zaprojektowanych w taki spos\u00f3b, aby korzysta\u0107 mog\u0142y z nich nie tylko dzieci, ale i m\u0142odzie\u017c, doro\u015bli oraz seniorzy.<\/p>\n\n\n\n<div style=\"height:20px\" aria-hidden=\"true\" class=\"wp-block-spacer\"><\/div>\n\n\n\n<div style=\"height:20px\" aria-hidden=\"true\" class=\"wp-block-spacer\"><\/div>\n<\/div>\n\n\n\n<div class=\"wp-block-column is-vertically-aligned-center is-layout-flow wp-block-column-is-layout-flow\" style=\"flex-basis:50%\">\n<figure class=\"wp-block-image size-large is-style-rounded\"><img decoding=\"async\" width=\"768\" height=\"1024\" src=\"http:\/\/marcinwalas.pl\/wp-content\/uploads\/2023\/11\/20230415_135222-768x1024.jpg\" alt=\"\" class=\"wp-image-508\" srcset=\"https:\/\/marcinwalas.pl\/wp-content\/uploads\/2023\/11\/20230415_135222-768x1024.jpg 768w, https:\/\/marcinwalas.pl\/wp-content\/uploads\/2023\/11\/20230415_135222-225x300.jpg 225w, https:\/\/marcinwalas.pl\/wp-content\/uploads\/2023\/11\/20230415_135222-1152x1536.jpg 1152w, https:\/\/marcinwalas.pl\/wp-content\/uploads\/2023\/11\/20230415_135222-1536x2048.jpg 1536w, https:\/\/marcinwalas.pl\/wp-content\/uploads\/2023\/11\/20230415_135222-scaled.jpg 1920w\" sizes=\"(max-width: 768px) 100vw, 768px\" \/><\/figure>\n<\/div>\n<\/div>\n\n\n\n<div style=\"height:40px\" aria-hidden=\"true\" class=\"wp-block-spacer\"><\/div>\n<\/div><\/div>\n<\/div><\/div>\n\n\n\n<div class=\"wp-block-cover alignfull\" style=\"min-height:600px;aspect-ratio:unset;\"><span aria-hidden=\"true\" class=\"wp-block-cover__background has-nv-light-bg-background-color has-background-dim-100 has-background-dim\"><\/span><div class=\"wp-block-cover__inner-container is-layout-flow wp-block-cover-is-layout-flow\">\n<div class=\"wp-block-group\"><div class=\"wp-block-group__inner-container is-layout-flow wp-block-group-is-layout-flow\">\n<div style=\"height:80px\" aria-hidden=\"true\" class=\"wp-block-spacer\"><\/div>\n\n\n\n<div class=\"wp-block-columns are-vertically-aligned-center has-neve-text-color-color has-text-color is-layout-flex wp-container-core-columns-is-layout-9d6595d7 wp-block-columns-is-layout-flex\">\n<div class=\"wp-block-column is-vertically-aligned-center is-layout-flow wp-block-column-is-layout-flow\" style=\"flex-basis:50%\">\n<figure class=\"wp-block-image size-large is-style-rounded\"><img decoding=\"async\" width=\"1024\" height=\"934\" src=\"https:\/\/marcinwalas.pl\/wp-content\/uploads\/2023\/11\/rower-ksawery-1024x934.jpg\" alt=\"\" class=\"wp-image-537\" srcset=\"https:\/\/marcinwalas.pl\/wp-content\/uploads\/2023\/11\/rower-ksawery-1024x934.jpg 1024w, https:\/\/marcinwalas.pl\/wp-content\/uploads\/2023\/11\/rower-ksawery-300x274.jpg 300w, https:\/\/marcinwalas.pl\/wp-content\/uploads\/2023\/11\/rower-ksawery-768x700.jpg 768w, https:\/\/marcinwalas.pl\/wp-content\/uploads\/2023\/11\/rower-ksawery-1536x1401.jpg 1536w, https:\/\/marcinwalas.pl\/wp-content\/uploads\/2023\/11\/rower-ksawery-2048x1868.jpg 2048w\" sizes=\"(max-width: 1024px) 100vw, 1024px\" \/><\/figure>\n<\/div>\n\n\n\n<div class=\"wp-block-column is-vertically-aligned-center is-layout-flow wp-block-column-is-layout-flow\" style=\"flex-basis:50%\">\n<h2 class=\"wp-block-heading has-neve-text-color-color has-text-color\">Radzikowskiego<\/h2>\n\n\n\n<p class=\"has-neve-text-color-color has-text-color\">Kiedy wprowadzili\u015bmy si\u0119 na ulic\u0119 Radzikowskiego moja \u017cona Monika powiedzia\u0142a jednego wieczoru: &#8222;<em>czasem jak patrz\u0119 przez okno, to wydaje mi si\u0119 jakby\u015bmy byli w jakim\u015b kurorcie nad morzem<\/em>&#8222;. Bo rzeczywi\u015bcie nasze osiedle, otoczone tr\u00f3jk\u0105tem tor\u00f3w kolejowych i wielojezdniowych ulic Conrada oraz Armii Krajowej, wydaje si\u0119 wytwarza\u0107 specyficzny mikroklimat. Po 5 latach mieszkania na naszej ulicy ciesz\u0119 si\u0119 z tego, jak zmienia si\u0119 okolica. Rozwija si\u0119 ma\u0142a gastronomia, powsta\u0142a pobliska stacja kolejowa Krak\u00f3w-Bronowice oraz brakuj\u0105cy kawa\u0142ek \u015bcie\u017cki rowerowej. Szkoda tylko, \u017ce ka\u017cdego roku s\u0105 coraz wi\u0119ksze korki, a nasza ulica powoli traci sw\u00f3j sielski charakter, szczeg\u00f3lnie w godzinach dojazdu do pracy&#8230;<\/p>\n<\/div>\n<\/div>\n\n\n\n<div style=\"height:40px\" aria-hidden=\"true\" class=\"wp-block-spacer\"><\/div>\n<\/div><\/div>\n<\/div><\/div>\n\n\n\n<div class=\"wp-block-cover alignfull\" style=\"min-height:420px;aspect-ratio:unset;\"><span aria-hidden=\"true\" class=\"wp-block-cover__background has-nv-site-bg-background-color has-background-dim-100 has-background-dim\"><\/span><div class=\"wp-block-cover__inner-container is-layout-flow wp-block-cover-is-layout-flow\">\n<div style=\"height:80px\" aria-hidden=\"true\" class=\"wp-block-spacer\"><\/div>\n\n\n\n<div class=\"wp-block-columns is-layout-flex wp-container-core-columns-is-layout-9d6595d7 wp-block-columns-is-layout-flex\">\n<div class=\"wp-block-column ticss-4ce656f1 is-layout-flow wp-block-column-is-layout-flow\"><div class=\"wp-block-image icon-style is-style-rounded\">\n<figure class=\"aligncenter size-large\"><img decoding=\"async\" width=\"72\" height=\"72\" src=\"http:\/\/marcinwalas.pl\/wp-content\/uploads\/2020\/01\/neve-webdesign-GB-03.png\" alt=\"\" class=\"wp-image-20\"\/><\/figure>\n<\/div>\n\n\n<div style=\"height:24px\" aria-hidden=\"true\" class=\"wp-block-spacer\"><\/div>\n\n\n\n<h3 class=\"wp-block-heading has-text-align-center has-neve-text-color-color has-text-color\">Krak\u00f3w<\/h3>\n\n\n\n<p class=\"has-text-align-center has-neve-text-color-color has-text-color\" style=\"font-size:15px\">Moim zdaniem miasto ma <strong>ogromn\u0105 szans\u0119 na rozw\u00f3j<\/strong> je\u015bli wykorzysta swoje unikalne atuty: ogromn\u0105 atrakcyjno\u015b\u0107 oraz gwa\u0142towny rozw\u00f3j nowoczesnych us\u0142ug.<\/p>\n\n\n\n<div style=\"height:20px\" aria-hidden=\"true\" class=\"wp-block-spacer\"><\/div>\n<\/div>\n\n\n\n<div class=\"wp-block-column ticss-f6fc7494 is-layout-flow wp-block-column-is-layout-flow\"><div class=\"wp-block-image icon-style is-style-rounded\">\n<figure class=\"aligncenter size-large\"><img decoding=\"async\" width=\"72\" height=\"72\" src=\"http:\/\/marcinwalas.pl\/wp-content\/uploads\/2020\/01\/neve-webdesign-GB-03.png\" alt=\"\" class=\"wp-image-20\"\/><\/figure>\n<\/div>\n\n\n<div style=\"height:24px\" aria-hidden=\"true\" class=\"wp-block-spacer\"><\/div>\n\n\n\n<h3 class=\"wp-block-heading has-text-align-center has-neve-text-color-color has-text-color\">Pr\u0105dnik Bia\u0142y<\/h3>\n\n\n\n<p class=\"has-text-align-center has-neve-text-color-color has-text-color\" style=\"font-size:15px\">Transport w naszej dzielnicy, szczeg\u00f3lnie publiczny, nie nale\u017cy do najlepszych. Zosta\u0142o sporo do zrobienia, aby dor\u00f3wna\u0107 standardom w innych cz\u0119\u015bciach miasta.<\/p>\n\n\n\n<div style=\"height:20px\" aria-hidden=\"true\" class=\"wp-block-spacer\"><\/div>\n<\/div>\n\n\n\n<div class=\"wp-block-column ticss-a5b4df29 is-layout-flow wp-block-column-is-layout-flow\"><div class=\"wp-block-image icon-style is-style-rounded\">\n<figure class=\"aligncenter size-large\"><img decoding=\"async\" width=\"72\" height=\"72\" src=\"http:\/\/marcinwalas.pl\/wp-content\/uploads\/2020\/01\/neve-webdesign-GB-03.png\" alt=\"\" class=\"wp-image-20\"\/><\/figure>\n<\/div>\n\n\n<div style=\"height:24px\" aria-hidden=\"true\" class=\"wp-block-spacer\"><\/div>\n\n\n\n<h3 class=\"wp-block-heading has-text-align-center has-neve-text-color-color has-text-color\">Radzikowskiego<\/h3>\n\n\n\n<p class=\"has-text-align-center has-neve-text-color-color has-text-color\" style=\"font-size:15px\">Nasze osiedle ma sw\u00f3j specyficzny klimat. Warto zatroszczy\u0107 si\u0119, aby rozw\u00f3j okolicznych osiedli nie uj\u0105\u0142 nic z atrakcyjno\u015bci naszej ulicy.<\/p>\n\n\n\n<div style=\"height:20px\" aria-hidden=\"true\" class=\"wp-block-spacer\"><\/div>\n<\/div>\n<\/div>\n\n\n\n<div style=\"height:30px\" aria-hidden=\"true\" class=\"wp-block-spacer\"><\/div>\n<\/div><\/div>\n\n\n\n<div class=\"wp-block-cover alignfull\" style=\"min-height:195px;aspect-ratio:unset;\"><span aria-hidden=\"true\" class=\"wp-block-cover__background has-nv-light-bg-background-color has-background-dim-100 has-background-dim\"><\/span><div class=\"wp-block-cover__inner-container is-layout-flow wp-block-cover-is-layout-flow\">\n<div class=\"wp-block-group\"><div class=\"wp-block-group__inner-container is-layout-flow wp-block-group-is-layout-flow\">\n<div style=\"height:14px\" aria-hidden=\"true\" class=\"wp-block-spacer\"><\/div>\n\n\n\n<p>Krak\u00f3w to przede wszystkim moja dzielnica. Dowiedz si\u0119 co jest dla mnie priorytetem na Pr\u0105dniku Bia\u0142ym?<\/p>\n\n\n\n<div class=\"wp-block-buttons is-horizontal is-content-justification-left is-layout-flex wp-container-core-buttons-is-layout-7e5fce0a wp-block-buttons-is-layout-flex\">\n<div class=\"wp-block-button is-style-primary\"><a class=\"wp-block-button__link wp-element-button\" href=\"https:\/\/marcinwalas.pl\/index.php\/pomysly\/\">WI\u0118CEJ<\/a><\/div>\n<\/div>\n\n\n\n<div style=\"height:14px\" aria-hidden=\"true\" class=\"wp-block-spacer\"><\/div>\n<\/div><\/div>\n<\/div><\/div>\n","protected":false},"excerpt":{"rendered":"","protected":false},"author":1,"featured_media":0,"parent":0,"menu_order":0,"comment_status":"closed","ping_status":"closed","template":"","meta":{"neve_meta_sidebar":"default","neve_meta_container":"default","neve_meta_enable_content_width":"on","neve_meta_content_width":100,"neve_meta_title_alignment":"","neve_meta_author_avatar":"","neve_post_elements_order":"","neve_meta_disable_header":"","neve_meta_disable_footer":"","neve_meta_disable_title":"on","_themeisle_gutenberg_block_has_review":false,"_ti_tpc_template_sync":false,"_ti_tpc_template_id":"eex7gnweb2m8vo93cr1g","footnotes":""},"class_list":["post-425","page","type-page","status-publish","hentry"],"_links":{"self":[{"href":"https:\/\/marcinwalas.pl\/index.php\/wp-json\/wp\/v2\/pages\/425","targetHints":{"allow":["GET"]}}],"collection":[{"href":"https:\/\/marcinwalas.pl\/index.php\/wp-json\/wp\/v2\/pages"}],"about":[{"href":"https:\/\/marcinwalas.pl\/index.php\/wp-json\/wp\/v2\/types\/page"}],"author":[{"embeddable":true,"href":"https:\/\/marcinwalas.pl\/index.php\/wp-json\/wp\/v2\/users\/1"}],"replies":[{"embeddable":true,"href":"https:\/\/marcinwalas.pl\/index.php\/wp-json\/wp\/v2\/comments?post=425"}],"version-history":[{"count":13,"href":"https:\/\/marcinwalas.pl\/index.php\/wp-json\/wp\/v2\/pages\/425\/revisions"}],"predecessor-version":[{"id":587,"href":"https:\/\/marcinwalas.pl\/index.php\/wp-json\/wp\/v2\/pages\/425\/revisions\/587"}],"wp:attachment":[{"href":"https:\/\/marcinwalas.pl\/index.php\/wp-json\/wp\/v2\/media?parent=425"}],"curies":[{"name":"wp","href":"https:\/\/api.w.org\/{rel}","templated":true}]}}